110101010
Convert 5511554 (base 6) to base 11.
177858
What is 485a80 (base 12) in base 6?
41035040
What is -75331 (base 11) in base 14?
-2bcc3
What is -1030601 (base 8) in base 12?
-113055
-17255 (base 13) to base 11
-30357
1c0841 (base 13) to base 15
e1ea5
-34010250 (base 6) to base 12
-416986
What is -175808 (base 9) in base 15?
-225a2
-34223120 (base 5) to base 8
-1123221
What is -232221131 (base 5) in base 16?
-10174d
What is 1021231303 (base 4) in base 13?
a7581
139366 (base 14) to base 3
1021110122122
What is 6279d6 (base 14) in base 11?
197108a
What is -13090 (base 15) in base 11?
-41820
-224755 (base 8) to base 3
-10212121210
-6157677 (base 9) to base 11
-1944a38
-32033434 (base 5) to base 13
-94c9c
Convert -5434043 (base 9) to base 5.
-1221303124
What is 849b (base 12) in base 15?
447e
40810c (base 14) to base 13
5b138c
Convert 101010100011101 (base 2) to base 3.
1002220000
-54ea61 (base 15) to base 16
-3dc846
What is 1222010044 (base 5) in base 14?
5610ba
Convert 2742220 (base 9) to base 15.
1ea9dc
5528282 (base 9) to base 5
1230043030
-7a390 (base 14) to base 2
-1001000100001101010
What is 353111141 (base 6) in base 10?
6587845
Convert 3123012321 (base 4) to base 6.
31122533
-107a99 (base 11) to base 15
-35d0b
What is -d34de (base 16) in base 10?
-865502
-13372 (base 15) to base 11
-42259
What is 746 (base 14) in base 4?
112122
What is 101021222200021 (base 3) in base 8?
24676626
What is 131320302 (base 4) in base 11?
83a7a
What is -10012100111 (base 3) in base 5?
-4003300
What is 6caf0 (base 16) in base 14?
b833a
Convert 13087224 (base 9) to base 3.
110002221020211
Convert 1004355 (base 7) to base 16.
1d1a8
What is -3224032401 (base 5) in base 7?
-112215445
-142300 (base 6) to base 13
-61b6
Convert -6365665 (base 7) to base 10.
-772777
-2c2a8c (base 13) to base 16
-10a7be
Convert 5f12 (base 16) to base 8.
57422
32345 (base 10) to base 11
22335
Convert 132140312 (base 5) to base 6.
22104341
301255554 (base 6) to base 11
297a381
-21022012 (base 5) to base 12
-84406
100110110110011 (base 2) to base 16
4db3
Convert -10100001000011001011 (base 2) to base 15.
-d06c4
Convert 40510 (base 7) to base 9.
14461
What is -7a483 (base 11) in base 16?
-1c694
Convert b6b9 (base 13) to base 14.
9337
-97c81c (base 13) to base 7
-42224065
What is -3031230 (base 5) in base 3?
-2111010121
Convert 1616256 (base 10) to base 5.
403210011
Convert -265129 (base 11) to base 14.
-abc43
What is 30c4f (base 16) in base 4?
300301033
-527c54 (base 16) to base 13
-11736b3
b1a16 (base 12) to base 11
148847
34034 (base 8) to base 6
150300
13a888 (base 15) to base 13
272018
What is -3358884 (base 12) in base 15?
-ce08a4
970849 (base 11) to base 10
1552967
Convert 2204310140 (base 5) to base 2.
10010001010000111101101
What is -575453 (base 11) in base 14?
-19b60b
Convert b1a464 (base 12) to base 5.
1202311240
Convert 6208752 (base 9) to base 7.
40106306
What is -66555241 (base 8) in base 12?
-49782a9
Convert 105564 (base 12) to base 2.
111111000011011100
6a53c2 (base 15) to base 8
23302250
What is -130244 (base 10) in base 14?
-35672
-662152 (base 7) to base 10
-116020
What is -1123012012 (base 4) in base 8?
-1330606
Convert 3a10d0 (base 15) to base 4.
22220221221
What is -342778 (base 9) in base 7?
-1514042
Convert -3363484 (base 9) to base 6.
-102511251
Convert -12423221 (base 5) to base 8.
-361251
What is -1885197 (base 10) in base 15?
-27389c
-68b7 (base 12) to base 6
-125551
2aba7 (base 13) to base 12
3ab14
Convert 4a663 (base 13) to base 10.
137309
Convert -4605123 (base 9) to base 15.
-340e20
What is -10110202120101 (base 3) in base 10?
-1845514
-1224320442 (base 5) to base 7
-34123012
1120102111102 (base 3) to base 9
1512442
100011000001101101011 (base 2) to base 3
2011022102110
Convert 110101010100110000 (base 2) to base 13.
78553
Convert 31587 (base 14) to base 15.
25446
What is -10330210103 (base 4) in base 12?
-52646b
What is 88548 (base 9) in base 13?
20999
Convert 84434 (base 11) to base 10.
122973
Convert 111000111100001 (base 2) to base 11.
1a9a3
What is 7a8603 (base 11) in base 4?
10321300120
-2156637 (base 12) to base 9
-12826017
9a6a3 (base 12) to base 8
620133
What is 3532636 (base 8) in base 14?
1b1450
Convert -332c3e (base 16) to base 5.
-1324304122
-1032012311 (base 4) to base 10
-319925
What is -15250262 (base 8) in base 6?
-202520122
Convert -511a4 (base 16) to base 8.
-1210644
-c8d9 (base 16) to base 8
-144331
Convert 94343 (base 12) to base 4.
233113203
37729 (base 13) to base 3
12012022011
Convert 55236 (base 12) to base 15.
235a0
4976a (base 11) to base 13
266b5
85530 (base 14) to base 4
1032220112
Convert -2455153 (base 6) to base 10.
-132045
What is -1252210 (base 6) in base 2?
-10000111001001110
Convert -100000011000111110011 (base 2) to base 11.
-665466
What is 5388925 (base 10) in base 11?
3050863
Convert -64759 (base 12) to base 13.
-48360
Convert 4243310 (base 5) to base 12.
355b5
Convert -21e41 (base 16) to base 2.
-100001111001000001
What is 20aa3d (base 16) in base 6?
113514445
What is 13220011001 (base 5) in base 10?
16563251
-1000101010100110101111 (base 2) to base 9
-4242120
Convert 10100010110110101100110 (base 2) to base 14.
9cca90
Convert -1010010100110100110 (base 2) to base 6.
-11130222
What is -100011100011001010000 (base 2) in base 10?
-1164880
1430567 (base 8) to base 6
12411023
What is -153925 (base 11) in base 14?
-63337
2140102012 (base 5) to base 14
881069
-775528 (base 10) to base 15
-104bbd
-114554 (base 6) to base 13
-480a
What is -133310222 (base 5) in base 8?
-2463721
What is 74ba1 (base 12) in base 2?
100101100010101001
Convert -3044330 (base 6) to base 8.
-435336
What is 30470 (base 11) in base 7?
243456
-d8c7c7 (base 14) to base 15
-99cd60
What is -3dae61 (base 15) in base 7?
-34162225
2414334004 (base 5) to base 15
7607be
211320222 (base 4) to base 15
30ea3
-156017 (base 10) to base 16
-26171
What is 18742 (base 12) in base 14?
cda2
Convert -1212040301 (base 5) to base 11.
-167453a
Convert -15546 (base 12) to base 8.
-72706
5512503 (base 7) to base 4
2210330133
11003320213 (base 4) to base 12
53b887
Convert 12552356 (base 7) to base 15.
17c6a5
Convert -bc646 (base 16) to base 12.
-312686
10000043 (base 5) to base 9
128171
1357fe (base 16) to base 2
100110101011111111110
-100010000111101001000 (base 2) to base 16
-110f48
What is 1213441 (base 5) in base 4?
11213110
What is 1020210020021 (base 3) in base 10?
665017
Convert -20030210 (base 4) to base 10.
-33572
What is 1010111021 (base 3) in base 5?
1202403
Convert -14433040 (base 7) to base 13.
-38c53c
Convert 157347 (base 8) to base 11.
39966
-33842a (base 12) to base 6
-25350454
-111011111001001010110110 (base 2) to base 5
-13004410122
-5047 (base 11) to base 4
-1220302
-1068835 (base 10) to base 4
-10010330203
Convert -111142051 (base 6) to base 9.
-3717364
What is -25217a9 (base 12) in base 2?
-11011101100100100110001
What is 120e73 (base 16) in base 4?
10200321303
Convert 120152242 (base 6) to base 14.
429758
355316 (base 7) to base 3
10021012112
103637 (base 8) to base 13
12a59
What is 4c095 (base 13) in base 7?
1124202
Convert 73a84 (base 13) to base 4.
302312330
What is -1112101110 (base 4) in base 13?
-c4abb
Convert 1762855 (base 9) to base 13.
286c19
Convert 11010000110100001010010 (base 2) to base 6.
402354002
Convert -442502150 (base 6) to base 4.
-132122001102
Convert a64949 (base 12) to base 9.
4834303
35621424 (base 7) to base 6
151501043
Convert 13d28 (base 16) to base 12.
3aba0
What is -1233205400 (base 6) in base 9?
-30138010
-8819b8 (base 13) to base 4
-30031322031
Convert 100010010011010010 (base 2) to base 5.
13443443
Convert -56345431 (base 7) to base 11.
-2837665
Convert 3304333341 (base 5) to base 16.
6c6bbf
311320300 (base 4) to base 14
5a61a
-101221021011 (base 3) to base 15
-43b9d
Convert 1304c (base 15) to base 7.
342216
What is 2707451 (base 8) in base 11?
478178
Convert 198411 (base 11) to base 3.
120102221221
Convert -445685 (base 12) to base 14.
-204657
Convert 96203 (base 16) to base 14.
120147
2243793 (base 11) to base 5
2001204410
Convert 2440305 (base 6) to base 4.
133222301
10001000110101010010 (base 2) to base 4
2020311102
Convert 12430 (base 5) to base 7.
2613
Convert 307b0 (base 14) to base 15.
248ee
What is -25864